j be -5*(8/(-10) - 0). Suppose -4*n - 3*f + 0 = -31, 3*n + 8 = 4*f. Suppose b + n*u = 26, -2*b = -j*b - u + 17. What are the prime factors of b?
2, 3
Let c(d) = 3*d - 16. Let u be c(5). Let m = u - -71. List the prime factors of m.
2, 5, 7
Let a = -5 - -17. Let y be ((-6)/8)/(a/(-32)). Suppose -y*l = 3*r - 6*l - 105, 4*r - 140 = -2*l. What are the prime factors of r?
5, 7
List the prime factors of (-4)/(-16)*2*18*43.
3, 43
Let p = -439 - -670. What are the prime factors of p?
3, 7, 11
Let h(d) = 2*d**3 - 2*d**2 + 3*d - 8. Let p be h(2). Suppose 4*f - 2670 = -p*f. List the prime factors of f.
3, 89
Let u(b) = -16 - 18 - 3*b + 6*b + 14 + 3*b**2. List the prime factors of u(-8).
2, 37
Let l(n) = n**2 - 9*n + 1. Suppose 6 = -3*c, z + z = -c + 22. What are the prime factors of l(z)?
37
Let z = 995 + -493. What are the prime factors of z?
2, 251
Let z = -127 - -131. Let l = 6 - 4. Suppose z*x - 50 = l*x. What are the prime factors of x?
5
Suppose -5*f - 1 = 2*d, f - 5 = 3*d + 5. Let j = 1 + f. Suppose -t - j = m, 0*m + 1 = 2*m + t. List the prime factors of m.
3
Let v = 21 - 19. Let j(i) = 228*i + 2. Let b be j(-1). What are the prime factors of b/(-10) - v/(-5)?
23
Let h(p) = p**2 + 6*p + 2. Let b be h(-4). Let s be 4/b - (-111)/(-9). Let r(q) = -q**2 - 17*q + 15. What are the prime factors of r(s)?
67
Let d = 27 + -23. Suppose d*b + 40 = 6*b. Let m = b - 16. List the prime factors of m.
2
Suppose -l - 5*l + 120 = 0. Suppose 4*h - 5*t - 27 = 0, -4*h - 4*t = -7*h + l. List the prime factors of h.
2
Suppose 5*l = c + 204, -2*l + 6*c - 4*c = -80. List the prime factors of l.
41
Let u be (-2 - 2)*39/12. Let k = u + 27. Let r(s) = -s**3 + 14*s**2 + 2*s - 12. What are the prime factors of r(k)?
2
Suppose 7*s = 12*s + 5. Let c(z) = 2*z**2 - z - 1. Let v be c(s). What are the prime factors of v - (6 + -3) - -5?
2
Suppose 5*g = -w + 13, 0 = 3*w - 14 + 5. Suppose -g*h - 9*u + 156 = -5*u, 4*h - 330 = u. List the prime factors of h.
2, 41
Suppose -4*q + 187 = 567. Let i = q + 166. What are the prime factors of i?
71
Let t(d) = 32*d**2 + 2*d - 55. List the prime factors of t(7).
3, 509
Suppose -98 - 178 = -2*i. Suppose -i*k + 1048 = -134*k. List the prime factors of k.
2, 131
Let c be 188/4 + 0 + -3. Let z be (-228)/c - 2/(-11). List the prime factors of (z + -1)/(-3) - -8.
2, 5
Let w = -601 - -1033. Suppose 3*n + 3*h - w = 0, n + 4*h = 4*n - 404. List the prime factors of n.
2, 5, 7
Suppose 0 = 5*v - 3 - 17. Let n = 17 - 18. What are the prime factors of -1 + (41 - n) + v?
3, 5
Let i(m) = -m**2 - 4*m - 1. Let l be i(7). Let r = l - -143. What are the prime factors of r?
5, 13
Suppose r = -a + 3*r + 210, -a + 210 = -3*r. Suppose -3*u + a = -135. List the prime factors of u.
5, 23
Suppose 0 = -5*k + 10 - 0. Suppose h + k*y + 36 = 0, 5*y - 21 = h + 1. List the prime factors of (-246)/(-8) + 24/h.
2, 3, 5
Let a(t) = -13*t**2 - 4*t + 2. Let q be a(1). Let x be -2 - 6*10/q. Let p = x + 12. What are the prime factors of p?
2, 7
Let f(h) = 3*h + 33. Let a be f(-10). Suppose 265 + 36 = 4*u - a*l, l - 143 = -2*u. What are the prime factors of u?
73
Suppose 3*o = 4*b + 6, 3*o - 4*b = -2*b + 6. Suppose -37 - 13 = -o*n. What are the prime factors of n?
5
Suppose 0 = -y - 2*m - 15, -3*y - 75 = y + 3*m. Let p = y + 37. What are the prime factors of p?
2
Let u be (-13)/(-26) - (-42)/(-4). List the prime factors of 16/12*(-375)/u.
2, 5
Suppose 142*m - 9 = 139*m. Suppose -319 + 826 = m*a. What are the prime factors of a?
13
Suppose 11*p - 33 = -11. Suppose 5*k + 3*x - 739 = 0, -5*k + p*x + 721 = -x. List the prime factors of k.
2, 73
Suppose 7266 = 4*x - 3*u, 3*u - 6 = 6*u. What are the prime factors of x?
3, 5, 11
Let i(x) = 2*x - 3. Let q be i(4). Suppose 3*c - q*c + 2 = 0. What are the prime factors of (-1 - (c + -1)) + 11?
2, 5
What are the prime factors of (4688/(-12))/((-32)/24)?
293
List the prime factors of (30 + 2680)*1/(-5)*-4.
2, 271
Let q(p) = p**2 - p - 2. Let g be q(2). Suppose w - 24 = 4*v, -w + 2*v + 16 - 2 = g. Suppose 3*k + r = w*r + 24, -12 = -2*k + r. List the prime factors of k.
2
Let c(t) = -204*t - 150. List the prime factors of c(-3).
2, 3, 7, 11
Let w = 4 - -8. What are the prime factors of 4/((2 - w)/(-5))?
2
Let z = -42 - -7. What are the prime factors of 4 + (-7)/(z/880)?
2, 3, 5
Let f(o) = o**2 + 4*o + 659. List the prime factors of f(0).
659
Suppose -2293 = -5*f - 3*s, -21*f - 5*s + 441 = -20*f. List the prime factors of f.
461
List the prime factors of 5896/8 + (0/1)/(-2).
11, 67
Suppose 491*h - 498*h + 28112 = 0. List the prime factors of h.
2, 251
Suppose 0 = k - 4*y - 12, -3*y = -k + 5*k - 48. Suppose k = p + p. List the prime factors of p.
2, 3
Let a(n) = 8*n**2 - 8*n + 5. Let p be a(5). Suppose -4*i + u = -237, -3*i + 2*u + p = -3*u. List the prime factors of i.
2, 3, 5
Suppose 6*z - 2 = -8. Let t = z - -3. What are the prime factors of t?
2
Suppose -241 = -l + 4*o, 3*o - 4*o - 4 = 0. What are the prime factors of l?
3, 5
Let g(m) = 2*m + 7. Let o be g(-6). Let i(u) = 4*u**2 - 554*u + 2*u**2 - 3 + 3*u**3 + 555*u - 2*u**3. What are the prime factors of i(o)?
17
Suppose -131 = -4*z + 5. Let i be (9 - 0)*(-13 - -12). Let o = z + i. List the prime factors of o.
5
Suppose 0 = -221*n + 232*n - 17512. List the prime factors of n.
2, 199
List the prime factors of 2/(-16) - 33531*(-1)/24.
11, 127
Suppose -4*p + 4 = -2*p. Suppose -2*m - 28 = p*m. What are the prime factors of 304/28 + (-1)/m?
11
Let x be 60/54 + 1/(-9). List the prime factors of (1 + x/(-3))*(-111)/(-2).
37
Suppose -2*m = 3 - 309. Let y = 220 - m. What are the prime factors of y?
67
Suppose 0 = -34*q - 5880 + 43348. List the prime factors of q.
2, 19, 29
Suppose -j = 5*j - 102. Let f = 19 - j. Suppose 4*b - 92 = -4*c, b + f*b - 9 = 0. List the prime factors of c.
2, 5
Let t(w) = w**2 - 15*w + 3. Let a be t(15). Suppose -198 = -h + a*q, 3*h + 396 = 5*h - 2*q. List the prime factors of h.
2, 3, 11
Suppose 9*x + 4*x = 10127. What are the prime factors of x?
19, 41
Suppose 3*z = -5*p + 17, -2*z + 4 + 6 = 2*p. Let u(i) be the second derivative of 5*i**3/3 - 3*i**2 + 133*i - 2. List the prime factors of u(z).
2, 17
Suppose 8925 = 2*i + 4*t + 2857, -t = -3. List the prime factors of i.
2, 757
Suppose -g + 8 = 2*a - 0*a, -4*g + 17 = 3*a. Suppose h = -a*h + 32. List the prime factors of h/(-28) + (-205)/(-7).
29
Let d(o) = -o**3 - 17*o**2 + 4*o - 25. List the prime factors of d(-19).
3, 23
Suppose -5*u = -16 + 186. Let j = u - -68. Let q = j + -23. What are the prime factors of q?
11
Let s(m) = 20*m**2 + 3*m - 2. Let f(v) = -19*v**2 - 3*v + 3. Let h(u) = 4*f(u) + 5*s(u). What are the prime factors of h(-1)?
23
Let j(l) = 17*l + 19. Let h = 42 + -36. List the prime factors of j(h).
11
What are the prime factors of (-3)/((-42)/(-4)) + 38450/70?
3, 61
Suppose -6*f + 27 + 33 = 0. Let n(a) = a**3 - 8*a**2 - 5*a - 10. List the prime factors of n(f).
2, 5, 7
Let y be 33 - 0*(4 + (-39)/9). Let c = 126 + y. List the prime factors of c.
3, 53
Let h(d) = -d**2 - 2*d - 4. Let z be h(-3). Let w(x) = x + 4. Let b be w(z). What are the prime factors of 1/(-4*b/180)?
3, 5
Suppose 3*n + 2*n = 5*p + 15, 2*p - n = -3. Suppose -20 = -3*t - 3*g + 19, 3*t - g - 31 = p. Let i = -7 + t. What are the prime factors of i?
2
Suppose 2*w + 3*w = 60. Suppose 2*l - w = -6. Suppose -2*h + 18 = 2*k, l*k - 31 = -h - h. List the prime factors of k.
13
Let f be (-1615)/(-65) - 4/(-26). Let d = 55 + f. List the prime factors of d.
2, 5
What are the prime factors of -81*2/(-3)*(-406)/(-21)?
2, 3, 29
Suppose -4*n + 63 + 47 = 2*y, -4*y = 3*n - 195. Let s = y + 5. Suppose s = q + q. What are the prime factors of q?
5
Suppose -3*i + 4*i = 52. Let b = -33 + i. List the prime factors of b.
19
Suppose 2*v + 3*t = -2*t + 107, v - 3*t = 70. Let f = v - -106. List the prime factors of f.
167
Suppose -k - 12 - 79 = 5*a, -k = 3*a + 55. Let r(x) = x + 55. What are the prime factors of r(a)?
37
Suppose v + 3*f - 7 = f, -v = 3*f - 6. Suppose -v*t + 384 = -5*t. What are the prime factors of t?
2, 3
Suppose -z + 3*x = -10, 3*x + 12 = 2*z + x. Suppose 376 - 130 = z*p - 2*s, p - 75 = 5*s. List the prime factors of p.
2, 3, 5
Suppose -5*w - 20 = -4*a, w - 6*a + 2*a = -20. Suppose -2*p - c = 11, w*p = p + 2*c + 1. Let l = p + 17. What are the prim